ber?
True
Is 2923 a prime number?
False
Is 2938963 prime?
False
Is 1847 a prime number?
True
Is 4957 composite?
False
Is 10499 a composite number?
False
Is 3869 prime?
False
Is 3957 composite?
True
Is 253949 prime?
True
Is 6637 a composite number?
False
Is 121865 a composite number?
True
Is 37427 composite?
True
Is 71387 prime?
True
Is 620855 a composite number?
True
Is 20981 a composite number?
False
Is 27341 prime?
False
Is 802937 a prime number?
False
Is 59611 prime?
True
Is 7283 composite?
False
Is 60493 a composite number?
False
Is 54569 a composite number?
True
Is 152377 prime?
True
Is 14047 a composite number?
True
Is 403099 composite?
True
Is 23189 a prime number?
True
Is 205619 a composite number?
False
Is 12829 a prime number?
True
Is 230257 a composite number?
False
Is 81941 composite?
True
Is 8047 composite?
True
Is 371 prime?
False
Is 30713 a prime number?
True
Is 1458235 a composite number?
True
Is 157382 a prime number?
False
Is 1907 prime?
True
Is 28319 prime?
True
Is 281771 prime?
False
Is 43273 a prime number?
False
Is 8081 a prime number?
True
Is 11185 a prime number?
False
Is 4111 a prime number?
True
Is 138209 prime?
True
Is 2833 prime?
True
Is 4003 a prime number?
True
Is 1651 composite?
True
Is 238677 a composite number?
True
Is 70937 prime?
True
Is 11639 prime?
False
Is 162119 prime?
True
Is 1047221 a composite number?
True
Is 50627 prime?
True
Is 243233 prime?
True
Is 44171 composite?
False
Is 3761 a prime number?
True
Is 87071 a composite number?
False
Is 7343 prime?
False
Is 110189 prime?
False
Is 15767 a composite number?
False
Is 538877 a composite number?
False
Is 10957 a composite number?
False
Is 2503 composite?
False
Is 1415 a composite number?
True
Is 35381 composite?
False
Is 1420963 prime?
False
Is 45391 a prime number?
False
Is 30131 composite?
True
Is 39929 a composite number?
False
Is 1621 a composite number?
False
Is 12517 a composite number?
False
Is 213362 composite?
True
Is 194 a composite number?
True
Is 5241 a composite number?
True
Is 4711 a composite number?
True
Is 1269631 a prime number?
False
Is 10903 a composite number?
False
Is 16085 composite?
True
Is 1570567 prime?
False
Is 167557 prime?
False
Is 41117 composite?
False
Is 59201 a composite number?
True
Is 104099 composite?
True
Is 1478377 prime?
False
Is 135773 a prime number?
False
Is 255571 a prime number?
True
Is 1261 a prime number?
False
Is 90203 a prime number?
True
Is 28463 a prime number?
True
Is 434431 prime?
True
Is 57745 composite?
True
Is 922379 a prime number?
False
Is 14963 a composite number?
True
Is 10123 composite?
True
Is 111149 prime?
True
Is 210533 prime?
True
Is 3227 a prime number?
False
Is 2939 a prime number?
True
Is 378341 a composite number?
True
Is 120113 a composite number?
True
Is 9871 a prime number?
True
Is 216551 a prime number?
True
Is 83437 composite?
False
Is 20611 composite?
False
Is 4271 a prime number?
True
Is 124715 composite?
True
Is 202799 a composite number?
False
Is 45947 a prime number?
False
Is 8197 a composite number?
True
Is 3677061 composite?
True
Is 15721 prime?
False
Is 19121 prime?
True
Is 3943 a composite number?
False
Is 953 composite?
False
Is 127271 a prime number?
True
Is 91703 a composite number?
False
Is 551453 composite?
True
Is 6537 prime?
False
Is 52147 prime?
True
Is 13127 a composite number?
False
Is 21617 a composite number?
False
Is 23251 a composite number?
False
Is 43777 prime?
True
Is 1371 prime?
False
Is 256661 prime?
True
Is 370793 a composite number?
False
Is 203781 prime?
False
Is 1737551 prime?
True
Is 16603 a composite number?
False
Is 2766979 a composite number?
False
Is 142913 prime?
False
Is 73433 a prime number?
True
Is 108689 composite?
True
Is 304787 composite?
True
Is 4645 a prime number?
False
Is 8287 composite?
False
Is 134909 prime?
True
Is 354091 a composite number?
False
Is 62365 a prime number?
False
Is 13577 prime?
True
Is 31307 a prime number?
True
Is 5779 a prime number?
True
Is 277787 a composite number?
False
Is 21662 prime?
False
Is 40627 a composite number?
False
Is 9311 prime?
True
Is 4547 a composite number?
False
Is 363431 prime?
True
Is 33679 prime?
True
Is 4765 prime?
False
Is 25367 prime?
True
Is 3443 composite?
True
Is 4751 composite?
False
Is 9197 prime?
False
Is 7663 prime?
False
Is 81481 prime?
False
Is 24841 composite?
False
Is 2159 a prime number?
False
Is 4597 a prime number?
True
Is 258119 prime?
True
Is 38113 prime?
True
Is 39361 a prime number?
False
Is 507571 a composite number?
False
Is 26539 a prime number?
True
Is 899 prime?
False
Is 2530039 prime?
True
Is 301349 composite?
False
Is 1826211 a composite number?
True
Is 327281 a prime number?
False
Is 92921 prime?
True
Is 967 prime?
True
Is 357763 prime?
False
Is 848297 a composite number?
False
Is 299939 a composite number?
True
Is 164487 a prime number?
False
Is 4111 prime?
True
Is 16015 prime?
False
Is 45403 a prime number?
True
Is 225577 a prime number?
False
Is 80917 prime?
True
Is 10495 composite?
True
Is 167393 prime?
True
Is 49409 a composite number?
False
Is 2929 prime?
False
Is 11969 a composite number?
False
Is 387911 composite?
False
Is 11422 a composite number?
True
Is 23789 composite?
False
Is 56281 composite?
True
Is 177605 composite?
True
Is 63563 composite?
True
Is 36655 composite?
True
Is 64919 a composite number?
False
Is 288547 a composite number?
True
Is 25639 composite?
False
Is 653267 prime?
True
Is 124489 a prime number?
True
Is 36797 a prime number?
False
Is 2939 prime?
True
Is 51629 composite?
True
Is 338671 prime?
False
Is 7897 a prime number?
False
Is 39667 a composite number?
False
Is 1561513 composite?
True
Is 118387 composite?
False
Is 235091 composite?
False
Is 36602 a prime number?
False
Is 76315 a prime number?
False
Is 962303 a prime number?
True
Is 23011 a prime number?
True
Is 940019 a composite number?
False
Is 1152649 a composite number?
False
Is 287089 a composite number?
True
Is 9662 a composite number?
True
Is 1259389 a composite number?
False
Is 46451 a composite number?
False
Is 81031 a prime number?
True
Is 2887 a prime number?
True
Is 4127 a prime number?
True
Is 2999 prime?
True
Is 8741 a composite number?
False
Is 1792911 prime?
False
Is 461801 a composite number?
False
Is 4754 prime?
False
Is 71013 a composite number?
True
Is 27179 prime?
True
Is 11015 a prime number?
False
Is 46595 composite?
True
Is 163811 a prime number?
True
Is 4843 prime?
False
Is 57571 prime?
True
Is 606413 composite?
False
Is 4955 composite?
True
Is 34735 composite?
True
Is 7093 composite?
True
Is 134789 a composite number?
False
Is 135155 a composite number?
True
Is 54869 prime?
True
Is 131561 a prime number?
True
Is 9491 a prime number?
True
Is 3711 prime?
False
Is 104219 prime?
False
Is 687073 composite?
False
Is 114697 a prime number?
False
Is 14677 prime?
False
Is 508633 prime?
False
Is 2137 prime?
True
Is 5969 a prime number?
False
Is 97711 a prime number?
True
Is 121073 a prime number?
False
Is 120113 composite?
True
Is 14395 composite?
True
Is 5669 composite?
False
Is 7199 composite?
True
Is 2771 a prime number?
False
Is 42031 a prime number?
False
Is 373471 composite?
True
Is 26449 prime?
True
Is 66821 composite?
False
Is 28001 prime?
True
Is 194609 composite?
False
Is 1987 composite?
False
Is 6983 a composite number?
False
Is 14095 prime?
False
Is 23789 a prime number?
True
Is 118789 a prime number?
False
Is 477721 prime?
True
Is 283633 composite?
True
Is 37691 composite?
False
Is 143387 composite?
False
Is 4541 a prime number?
False
Is 1227047 a prime number?
True
Is 147337 composite?
True
Is 302111 composite?
False
Is 567601 prime?
True
Is 127363 composite?
False
Is 141023 a composite number?
False
Is 29383 composite?
False
Is 258773 a composite number?
True
Is 292693 a composite number?
False
Is 91591 prime?
True
Is 28387 composite?
False
Is 11759581 composite?
False
Is 35461 a prime number?
True
Is 2095103 composite?
True
Is 28009 a composite number?
True
Is 7639 composite?
False
Is 3821 prime?
True
Is 3941 composite?
True
Is 7103 a prime number?
True
Is 256391 a prime number?
True
Is 28807 a prime number?
True
Is 60331 a prime number?
True
Is 118603 a prime number?
True
Is 5731 composite?
True
Is 1201 a prime number?
True
Is 2379383 prime?